mon divisor of f and r.
20
Let w be ((-4)/(-10))/(4/20). Let b(s) = -3 - 12*s - w*s + 0*s - 6*s. Let v be b(-4). Calculate the greatest common factor of 11 and v.
11
Suppose -2*n + 5*o + 4 = 11, 0 = 5*n + 5*o - 35. Suppose n = -3*t - 8. Let w be 38 + 10 - (1 + t). What is the highest common divisor of 34 and w?
17
Suppose 23 + 477 = 4*f. Let k = 3222 - 3172. What is the greatest common factor of f and k?
25
Suppose 5*i - 165 = -5*x, -i = -4*x - 0*x + 152. Suppose 4*h = h + 3*b + 39, b + x = 3*h. Let g = -2 + h. What is the greatest common divisor of 25 and g?
5
Suppose r - 85 = -2*b, 5*b - r - 205 = -6*r. Let t be (-9)/(-6) - (-4)/8. Suppose -5*i + t = -108. What is the highest common divisor of i and b?
22
Let o(w) = -29*w**3 + w**2. Let a be o(-1). Suppose -5*m + a = p, 2*m + 6 = 4*m. Let h = -1066 + 1072. Calculate the greatest common factor of h and p.
3
Let b be (-2 - -17)/(5/20*3). Suppose 4*z + b = l - 17, 5*z + 170 = 5*l. Calculate the highest common factor of l and 3.
3
Let a = -443 + 447. Calculate the greatest common factor of a and 4.
4
Let r(h) = h**2 + 34 + h - 2 - 3*h. Let i be r(-11). What is the highest common factor of i and 70?
35
Let c(y) = -5*y**2 - 5*y + 12. Let m be c(5). Let r be m/(-4) + (-33)/22. Calculate the highest common divisor of r and 33.
33
Let u(c) = 9*c + 158. Let i be u(-15). Let n be 2/((-16)/(-46))*4. Calculate the greatest common divisor of n and i.
23
Let s = -52 + 88. Let v be 0/(-5*10/(-25)). Suppose -g + v*t = -t - 13, 2*g = 3*t + 30. What is the greatest common factor of g and s?
9
Suppose -r - 2240 = -4*l, -8*l - 3*r + 2783 = -3*l. What is the highest common factor of 26 and l?
13
Suppose -4*q = -5*q + 4. Suppose x - 3 = 4*t, -3*t + 2*x = -0 - q. Let v be (1 - 2)*(-16 - t). What is the highest common divisor of 2 and v?
2
Let d(u) = 13*u**2 + 13*u + 81. Let x be d(-5). What is the highest common factor of 62 and x?
31
Suppose -5*s = -0*s - 550. Suppose 4*g + g - s = 0. What is the highest common factor of g and 55?
11
Let h be (2508/(-88))/((-6)/40). Suppose -5*t + 57 = -2*t. Calculate the highest common factor of h and t.
19
Suppose -2*u - 85 = 3*u. Let v = u - -28. Let h = 18 + -7. Calculate the highest common divisor of v and h.
11
Suppose -2*c - j - 38 + 93 = 0, 120 = 4*c + 4*j. Let s be (-64)/(-6)*3/(-1). Let x = 57 + s. Calculate the highest common factor of x and c.
25
Suppose 177 = 4*l - a - 151, a + 162 = 2*l. Calculate the highest common divisor of 1328 and l.
83
Suppose -9*w - 3*v + 2790 = -6*w, -5*w = -5*v - 4600. What is the greatest common divisor of 37 and w?
37
Let s = 351 - 341. Let g be 598/10 - -2*(-5)/(-50). Calculate the greatest common factor of s and g.
10
Let j(b) = 60*b**2 + 3*b. Let d be j(1). Suppose -8*n + d + 41 = 0. What is the highest common factor of 143 and n?
13
Let j = 782 - 495. Calculate the greatest common factor of 82 and j.
41
Let r(p) = p**3 - 6*p**2 + 6*p - 4. Let i be (-12)/(-3)*6/8. Suppose 3 = t - i. Let k be r(t). What is the highest common divisor of k and 48?
16
Suppose -8*v + 0 = -16. Suppose 0 = v*m - 14 - 4. Suppose -r + 211 = 2*r - 5*p, 4*r = -2*p + 290. Calculate the highest common divisor of r and m.
9
Let y = 5 - 3. Suppose -5*g + 25 = 0, -g = y*a + 4 - 19. Suppose 85 = 3*h - 0*h + 5*n, 0 = h - n - 23. What is the greatest common divisor of a and h?
5
Let v = 110 + -90. Calculate the highest common divisor of 270 and v.
10
Suppose -18*w + 20*w - 8 = 0. Suppose -w = 2*i - 12. Suppose 3*k - 3*m - 18 = 0, 3*k - 2*m = 2*k + 10. Calculate the highest common divisor of k and i.
2
Let s(y) = y + 6. Let p be s(-5). Let d(c) = 10*c**3 - 2*c**2 + c. Let h be d(p). Calculate the highest common divisor of 3 and h.
3
Let y = 5 + -50. Let f = 55 + y. What is the greatest common factor of 2 and f?
2
Let t be (-34 - -15)*1/(-1). Suppose 2*f - 234 = -4*g, g - 2*f + 6*f = 69. What is the highest common factor of t and g?
19
Let z = 429 + -621. Let k be z*(7/(-2))/7. What is the greatest common factor of k and 6?
6
Let d(m) = 13*m + 68. Let t be d(-5). Calculate the greatest common factor of 84 and t.
3
Suppose -v = 4*v - 225. Let m = -41 + v. What is the highest common divisor of m and 10?
2
Let l(q) = -q**2 - 15*q + 88. Let k be l(-19). What is the greatest common divisor of k and 4?
4
Let y be (10/6)/((-33)/(-99)) + 170. What is the greatest common factor of y and 28?
7
Let a(i) = -4*i**2 - 14*i - 30. Let t(p) = 3*p**2 + 14*p + 29. Let u(f) = 2*a(f) + 3*t(f). Let o be u(-12). What is the highest common factor of 48 and o?
3
Suppose -4*c - 56 = -4*t, -c - 1 = t - 15. Let i be 102/t - (-8)/(-28). Suppose 0 = 4*h - i*h + 18. What is the highest common factor of h and 9?
3
Suppose 36 + 77 = d - 4*t, 5*t + 325 = 3*d. What is the greatest common factor of 210 and d?
105
Let k be (-36)/(-42) - 300/(-42). Calculate the highest common factor of k and 128.
8
Let h be (-1 - 1) + 2160/(-16). Let b = h - -290. Let x be (-84)/(-5) - 2/(-10). Calculate the greatest common factor of b and x.
17
Suppose 2496 = 10*k + 22*k. What is the greatest common factor of k and 494?
26
Let u be (12 + -10)/((-8)/172)*-14. Calculate the greatest common divisor of 42 and u.
14
Suppose 3*q + 0 = 15. Let k be (-2)/4 + (-6)/(-4). Calculate the greatest common factor of k and q.
1
Suppose 13*u = 80 + 50. Let z = -6 - -10. Calculate the highest common factor of u and z.
2
Suppose t - 24 - 5 = -4*s, 4*t + 52 = 5*s. Calculate the highest common factor of s and 24.
8
Let q be 1*(-1 + 1 + -2) - -51. Calculate the highest common factor of 392 and q.
49
Let p(z) = -7*z - 40. Suppose x + 3*k + 12 = 0, -4*x = -2*k - k + 18. Let d be p(x). What is the greatest common factor of 3 and d?
1
Suppose 0*m - 10 = -5*z - m, 0 = -2*z + 4*m + 26. Suppose 4*f = z*r - 22, 2*r + 10*f = 7*f + 43. What is the highest common divisor of 112 and r?
14
Let a = -7 - -12. Let l = -2 + a. Let s = 59 + -35. What is the highest common divisor of l and s?
3
Let u(g) = g**2 + 0 - 2 + 0 + 0. Let x be u(-2). Suppose 0 = -2*f + 4*b + 6 - x, -2*b = 2*f - 10. Calculate the greatest common divisor of 4 and f.
4
Suppose 555 + 1139 = 22*u. What is the highest common factor of u and 21?
7
Let a(d) = -4*d - 15. Let i be a(-6). Let x = -43 + 70. What is the highest common divisor of i and x?
9
Let v be 0*(-3)/9 + 3 - 13. Let r be v/(-5) - (-11)/1 - 2. Calculate the highest common factor of r and 1.
1
Let x be ((-2)/(-4))/((-1)/(-20)). Suppose -19 = -5*c + 3*b + 3, 10 = -3*c - 4*b. Calculate the greatest common factor of c and x.
2
Let t = 7 - 3. Suppose 6*p + 4 = 2*p, r - t = 5*p. Let n be -2 + r + 43/1. Calculate the greatest common factor of n and 60.
20
Let l = -1067 + 1081. Calculate the greatest common factor of l and 98.
14
Let a = -112 + 342. Calculate the highest common divisor of 1 and a.
1
Suppose -2*s = 6, 522 = -0*t + t - 4*s. Calculate the highest common divisor of t and 120.
30
Let t(p) = -38*p**3 + 3*p + 1. Let s be t(-1). What is the greatest common factor of s and 225?
9
Suppose 3*k + 2*a = 62, -2*k = k - 2*a - 46. Calculate the greatest common factor of k and 144.
18
Let c be ((-5)/(50/(-168)))/((-36)/(-120)). Let v = -4 - -7. Suppose v*h - h = 16. What is the highest common factor of c and h?
8
Let a(g) = 2*g**3 - 3*g**2 + 2*g + 2. Suppose 2*v + 12 = w, 3*w + 8*v + 9 = 5*v. Let m be a(w). What is the greatest common divisor of m and 25?
5
Let k = 73 - 69. Let c = -1 - -1. Suppose c*j - 144 = -2*d - j, -5*d + 360 = -k*j. What is the highest common divisor of d and 48?
24
Let u be (-4)/14 + (-1584)/42. Let o = u - -74. Calculate the greatest common factor of o and 60.
12
Suppose -2*f = -5*a + 38, 4*a - 61 = 5*f - 17. Let c be (-416)/(-24) - 3/9. Suppose -4*l = 5 - c. What is the greatest common divisor of a and l?
3
Suppose 5 = y, 0 = -5*h + y - 30 - 20. Let n be (-225)/(-12)*(-168)/h. Calculate the greatest common divisor of n and 50.
50
Let c(i) = -i**2 + 17*i - 46. Let o be c(13). Calculate the greatest common divisor of o and 192.
6
Suppose -19*w + 609 - 77 = 0. Calculate the highest common factor of w and 4.
4
Let k = 2191 + -916. What is the greatest common factor of 17 and k?
17
Let g be (-5)/(-6 - (4 - (-2250)/(-228))). What is the highest common divisor of g and 418?
38
Suppose -5*j + 182 = -128. What is the gr